when 120 is divided by 24?
0
Calculate the remainder when 9097 is divided by 175.
172
What is the remainder when 136 is divided by 125?
11
Calculate the remainder when 148 is divided by 38.
34
Calculate the remainder when 1399 is divided by 332.
71
What is the remainder when 3887 is divided by 18?
17
Calculate the remainder when 16167 is divided by 22.
19
What is the remainder when 1525 is divided by 221?
199
What is the remainder when 217 is divided by 128?
89
Calculate the remainder when 206 is divided by 19.
16
What is the remainder when 34 is divided by 16?
2
Calculate the remainder when 231 is divided by 59.
54
What is the remainder when 1648 is divided by 33?
31
Calculate the remainder when 171 is divided by 50.
21
What is the remainder when 459 is divided by 392?
67
What is the remainder when 309 is divided by 79?
72
Calculate the remainder when 104 is divided by 21.
20
What is the remainder when 265 is divided by 91?
83
Calculate the remainder when 31619 is divided by 170.
169
Calculate the remainder when 3310 is divided by 92.
90
What is the remainder when 1513 is divided by 255?
238
Calculate the remainder when 46 is divided by 13.
7
What is the remainder when 172 is divided by 15?
7
Calculate the remainder when 366 is divided by 74.
70
What is the remainder when 553 is divided by 16?
9
What is the remainder when 446 is divided by 37?
2
Calculate the remainder when 987 is divided by 76.
75
What is the remainder when 1590 is divided by 35?
15
What is the remainder when 92 is divided by 2?
0
What is the remainder when 195 is divided by 20?
15
Calculate the remainder when 150 is divided by 38.
36
Calculate the remainder when 110 is divided by 45.
20
What is the remainder when 199 is divided by 25?
24
Calculate the remainder when 609 is divided by 67.
6
What is the remainder when 106 is divided by 30?
16
What is the remainder when 837 is divided by 35?
32
Calculate the remainder when 141 is divided by 34.
5
What is the remainder when 386 is divided by 65?
61
What is the remainder when 230 is divided by 59?
53
What is the remainder when 3340 is divided by 15?
10
Calculate the remainder when 57 is divided by 12.
9
What is the remainder when 130 is divided by 7?
4
What is the remainder when 1585 is divided by 1571?
14
Calculate the remainder when 452 is divided by 38.
34
What is the remainder when 81 is divided by 14?
11
What is the remainder when 4604 is divided by 94?
92
What is the remainder when 645 is divided by 12?
9
Calculate the remainder when 947 is divided by 35.
2
What is the remainder when 56 is divided by 10?
6
Calculate the remainder when 2903 is divided by 35.
33
What is the remainder when 2158 is divided by 6?
4
Calculate the remainder when 238 is divided by 35.
28
What is the remainder when 6490 is divided by 197?
186
Calculate the remainder when 66 is divided by 56.
10
Calculate the remainder when 358 is divided by 91.
85
What is the remainder when 68 is divided by 67?
1
What is the remainder when 230 is divided by 58?
56
Calculate the remainder when 33 is divided by 31.
2
Calculate the remainder when 1043 is divided by 279.
206
What is the remainder when 162 is divided by 135?
27
Calculate the remainder when 88 is divided by 31.
26
Calculate the remainder when 51 is divided by 26.
25
Calculate the remainder when 548 is divided by 46.
42
Calculate the remainder when 548 is divided by 33.
20
What is the remainder when 149 is divided by 35?
9
What is the remainder when 403 is divided by 143?
117
What is the remainder when 347 is divided by 58?
57
Calculate the remainder when 146 is divided by 95.
51
Calculate the remainder when 1146 is divided by 561.
24
What is the remainder when 998 is divided by 77?
74
What is the remainder when 158 is divided by 52?
2
What is the remainder when 95 is divided by 8?
7
Calculate the remainder when 167 is divided by 5.
2
Calculate the remainder when 740 is divided by 53.
51
What is the remainder when 507 is divided by 27?
21
Calculate the remainder when 314 is divided by 32.
26
Calculate the remainder when 6327 is divided by 10.
7
Calculate the remainder when 169 is divided by 10.
9
Calculate the remainder when 751 is divided by 40.
31
Calculate the remainder when 299 is divided by 143.
13
Calculate the remainder when 32 is divided by 10.
2
Calculate the remainder when 118 is divided by 4.
2
Calculate the remainder when 3452 is divided by 192.
188
What is the remainder when 1707 is divided by 415?
47
Calculate the remainder when 124 is divided by 34.
22
Calculate the remainder when 71 is divided by 32.
7
Calculate the remainder when 733 is divided by 49.
47
What is the remainder when 655 is divided by 44?
39
Calculate the remainder when 28 is divided by 14.
0
What is the remainder when 16649 is divided by 181?
178
What is the remainder when 753 is divided by 12?
9
What is the remainder when 1240 is divided by 601?
38
Calculate the remainder when 1425 is divided by 75.
0
What is the remainder when 147 is divided by 37?
36
Calculate the remainder when 329 is divided by 6.
5
What is the remainder when 1879 is divided by 920?
39
What is the remainder when 143 is divided by 42?
17
Calculate the remainder when 97 is divided by 83.
14
Calculate the remainder when 575 is divided by 191.
2
Calculate the remainder when 5043 is divided by 14.
3
What is the remainder when 164 is divided by 120?
44
Calculate the remainder when 131 is divided by 28.
19
Calculate the remainder when 63 is divided by 13.
11
Calculate the remainder when 6254 is divided by 68.
66
Calculate the remainder when 8454 is divided by 28.
26
What is the remainder when 207 is divided by 15?
12
Calculate the remainder when 1627 is divided by 229.
24
Calculate the remainder when 138 is divided by 62.
14
What is the remainder when 1426 is divided by 84?
82
Calculate the remainder when 224 is divided by 13.
3
Calculate the remainder when 1979 is divided by 45.
44
What is the remainder when 888 is divided by 9?
6
Calculate the remainder when 681 is divided by 182.
135
Calculate the remainder when 1072 is divided by 179.
177
What is the remainder when 5637 is divided by 2814?
9
What is the remainder when 79 is divided by 9?
7
What is the remainder when 356 is divided by 119?
118
Calculate the remainder when 128 is divided by 57.
14
What is the remainder when 39 is divided by 15?
9
What is the remainder when 366 is divided by 16?
14
What is the remainder when 419 is divided by 31?
16
Calculate the remainder when 1850 is divided by 614.
8
Calculate the remainder when 93 is divided by 32.
29
What is the remainder when 53 is divided by 14?
11
What is the remainder when 380 is divided by 31?
8
Calculate the remainder when 35 is divided by 35.
0
What is the remainder when 186 is divided by 15?
6
What is the remainder when 286 is divided by 41?
40
What is the remainder when 4012 is divided by 1333?
13
Calculate the remainder when 717 is divided by 149.
121
Calculate the remainder when 171 is divided by 87.
84
Calculate the remainder when 1288 is divided by 590.
108
Calculate the remainder when 806 is divided by 114.
8
Calculate the remainder when 184 is divided by 65.
54
What is the remainder when 6940 is divided by 13?
11
What is the remainder when 397 is divided by 194?
9
What is the remainder when 2036 is divided by 6?
2
Calculate the remainder when 55 is divided by 20.
15
What is the remainder when 411 is divided by 69?
66
What is the remainder when 496 is divided by 241?
14
Calculate the remainder when 7856 is divided by 97.
96
Calculate the remainder when 941 is divided by 63.
59
What is the remainder when 239 is divided by 232?
7
What is the remainder when 182 is divided by 69?
44
What is the remainder when 47 is divided by 6?
5
Calculate the remainder when 238 is divided by 12.
10
What is the remainder when 335 is divided by 110?
5
Calculate the remainder when 613 is divided by 203.
4
Calculate the remainder when 524 is divided by 11.
7
Calculate the remainder when 1634 is divided by 531.
41
What is the remainder when 2195 is divided by 30?
5
What is the remainder when 101 is divided by 67?
34
What is the remainder when 2068 is divided by 46?
44
Calculate the remainder when 1217 is divided by 102.
95
What is the remainder when 1547 is 